9 - h/18. Calculate the highest common factor of o and 12.
12
Let y(l) = -4*l - 2. Let o be y(-2). Let t be (-30 - 0)*(-4)/o. Let z(j) = 25*j. Let c be z(2). What is the highest common divisor of t and c?
10
Let s(u) = -3*u**3 - u**2 - 3*u - 1. Let m be s(-2). What is the highest common divisor of m and 175?
25
Let i(k) = -3*k - 18. Let l be i(-8). Calculate the highest common factor of l and 6.
6
Let c be 6/(-15) + 202/5. Let j(r) = r + 12. Let i be j(-12). Let g = 8 + i. Calculate the greatest common factor of g and c.
8
Suppose -3*i - 40 = -4*i. Let m(d) = d**2 + 7*d + 8. Let o be m(-7). What is the highest common factor of i and o?
8
Suppose 5*c - 3*p + 17 = 187, 5*c - 170 = -p. Let d be 1/(-1) - (3 - c). Calculate the greatest common divisor of d and 6.
6
Let i be 15/(-10) + (-765)/6. Let t = 3 - i. Calculate the highest common factor of t and 12.
12
Let c = -135 - -230. Calculate the greatest common factor of 38 and c.
19
Suppose -5*j + 4*l + 30 = 0, 0 = -2*j - 2*j + 3*l + 25. What is the greatest common factor of j and 15?
5
Let d be 374/14 - 8/(-28). Let l = 47 - 29. Calculate the greatest common divisor of d and l.
9
Let j be (24/(-14))/((-4)/56*4). What is the highest common factor of 6 and j?
6
Let d(y) = -4*y - 3. Let b be d(-3). Let x(w) = w**2 - 7*w + 4. Let o be x(b). Let m = 9 + 2. What is the greatest common factor of o and m?
11
Suppose 2*o + 1 = b + 43, -3*o - 4*b = -74. Suppose 3*v + 4*u - 2*u = 103, 4*u - 74 = -2*v. What is the highest common divisor of o and v?
11
Let d = 1 + 1. Let p = 3 - -2. Suppose -p*s + 55 = 3*q, 2*q - d*s + 64 = 6*q. What is the highest common factor of 10 and q?
5
Let p = -142 - -212. What is the highest common factor of p and 10?
10
Let b = 37 - 26. Suppose -2*t - z = -21, 3*z - 7 + 0 = t. Suppose -2*h = -146 - t. Calculate the greatest common divisor of b and h.
11
Suppose -12*k + 60 = -11*k. Let p(s) be the second derivative of -s**3/2 - 7*s**2/2 - s. Let b be p(-9). What is the highest common divisor of k and b?
20
Let m(o) = o**2 + 4*o - 5. Let r be m(-6). Let n be 156/r - (-2)/(-7). Suppose 5*u - 4*u - 55 = 0. Calculate the highest common divisor of n and u.
11
Let l be 6/3 + 1 + 6. Suppose 2*y - 3*y + 3 = 0. Suppose -c + 12 = y*c. What is the highest common divisor of l and c?
3
Let w be 2/(-3) - 8/(-3). Let s be w/(-3) - 70/(-15). Suppose 2 = 2*v + 5*h - 25, -s*v = -h - 65. What is the highest common factor of 80 and v?
16
Let c = 51 - 24. What is the highest common divisor of 36 and c?
9
Suppose -2*f + f - 17 = -3*z, 2*z - f - 13 = 0. Suppose -b - 1 = -z. What is the greatest common divisor of b and 1?
1
Suppose 8*s - 105 = -9. Calculate the highest common divisor of s and 30.
6
Suppose 5*k + 3*u = 21, 3*k - 22 = 5*u + 11. Let c = 40 + 8. What is the greatest common divisor of c and k?
6
Suppose -4*j - z - 33 = -5*j, -2*j + 62 = 2*z. Suppose -j = -i + 2*x, -76 = -3*i + 2*x - x. Calculate the greatest common divisor of i and 240.
24
Let h be 1/(8/(-26))*-4. Suppose 0*i = 4*i - 340. Suppose -5*g = -i - 435. Calculate the highest common divisor of h and g.
13
Let p be 1/((-27)/(-6) - 4). Calculate the greatest common divisor of p and 1.
1
Suppose -2*v = 3*v - 1050. What is the highest common factor of 84 and v?
42
Let g(l) = l + 6. Let i be g(6). Let d be (-2)/i - (-326)/12. What is the highest common factor of d and 18?
9
Suppose 0*p - 6 = -3*p. Let b be 0 - 2 - p/2. Let j be ((-18)/(-5))/(b/(-50)). Calculate the highest common factor of 12 and j.
12
Let r(d) = d**3 - 5*d**2 + 7*d + 13. Let w be r(5). What is the greatest common divisor of 32 and w?
16
Let v be 2/(-2)*23*-1. Calculate the highest common factor of 23 and v.
23
Let b = -16 + 36. What is the greatest common factor of b and 8?
4
Let f(v) = -5*v + 45. Let j be f(-7). What is the highest common divisor of 5 and j?
5
Let k = 15 + -6. Suppose 4*o - 3*o - 108 = 0. Suppose 0 = 2*w + w - o. What is the greatest common factor of k and w?
9
Suppose -2*b = -6*b + 48. Calculate the highest common factor of b and 24.
12
Let z(p) = p**3 + 4*p**2 - p. Let n = -2 - 2. Let m be z(n). Suppose -r = r - m. What is the greatest common divisor of r and 10?
2
Suppose 0 + 18 = 3*y. Let h(v) = 11*v + 11. Let q be h(5). What is the highest common divisor of q and y?
6
Suppose 3*y - 24 = -2*z + 1, -3*y + 67 = 5*z. What is the highest common factor of z and 14?
14
Suppose 0 = -4*d - k + 215, -4*d + 3*k = -0*k - 235. Calculate the greatest common divisor of 5 and d.
5
Suppose 13 = 5*c - 17. Suppose 4*f + c = 7*f. Calculate the highest common factor of 14 and f.
2
Let t = 34 - 16. Let c = 27 - t. What is the highest common divisor of 81 and c?
9
Let v(z) = -42*z - 5. Let q be v(-3). Suppose -5*o = -q - 39. Calculate the highest common divisor of o and 4.
4
Suppose 2*i + 5*s - 4*s = -6, -2*s = 4. Let k be -7*(-3)/(5 + i). Let c = -5 + k. What is the greatest common factor of 14 and c?
2
Suppose 2*x - 230 = -62. What is the highest common divisor of x and 48?
12
Suppose 8 = -5*x + 9*x. What is the greatest common factor of x and 16?
2
Suppose -41*v + 105 = -38*v. Calculate the greatest common divisor of v and 70.
35
Let z(n) be the second derivative of 25*n**3/6 - n**2/2 - 3*n. Let b be z(1). What is the highest common divisor of b and 12?
12
Suppose -o = -5*c + 15 + 6, -c = -5. Let j = 14 - o. Calculate the greatest common divisor of 40 and j.
10
Let b be 901/119 + (-6)/(-14). Calculate the greatest common divisor of 48 and b.
8
Suppose 0*r - 3*r = -27. Let f be ((-29)/3)/((-5)/15). Suppose 5*b - 196 = f. What is the greatest common divisor of r and b?
9
Let a = 222 + -156. Suppose -v - f - 45 = 0, -f - a = 4*v + 99. Let w = 67 + v. Calculate the highest common divisor of w and 18.
9
Suppose -2*o - 7 = 3*j, -3*j + 1 = o + 9. Let x(v) = 1 + 2*v + 4*v + 5*v**2 - 4*v. Let s be x(j). Calculate the greatest common factor of s and 10.
10
Let q be -2*(6/3 - 1). Let w(y) = -2*y - 2. Let m be w(q). What is the highest common divisor of m and 8?
2
Suppose 1 = 6*f - 11. Calculate the greatest common factor of f and 18.
2
Let w = 32 - 12. Suppose -60 = 4*h - 7*h. What is the highest common divisor of w and h?
20
Suppose 3*w = -6, 0*w + 2*w = -c + 129. Calculate the greatest common factor of c and 19.
19
Suppose a - 12 + 3 = -q, -5*a = 3*q - 35. Let b = 9 + -6. Suppose 97 = 6*z - z + b*o, -a*o - 84 = -4*z. What is the highest common divisor of z and 30?
10
Let z = -26 - -34. What is the greatest common factor of z and 8?
8
Suppose -4*z + 17 = -115. Calculate the highest common factor of 11 and z.
11
Suppose -o - o = -168. Let c(h) = -h**2 + 8*h. Suppose 4*q - 8 = 0, -m - 2*m - 5*q + 28 = 0. Let x be c(m). What is the greatest common factor of x and o?
12
Suppose 0 = 3*k - 9*k + 180. Calculate the greatest common divisor of 30 and k.
30
Suppose 2*c = 6*c - 16. Let a = 8 - c. Let o be a/(-4)*(-5 - 1). What is the highest common divisor of 6 and o?
6
Let j(y) = -y**3 - 5*y**2 + 4*y. Let h be j(-8). Calculate the greatest common factor of 32 and h.
32
Suppose 3*v + 202 = 3*n + 2*v, -8 = 2*v. Suppose 3*f - 7*f = -20. Suppose f*g - n = 99. Calculate the greatest common divisor of g and 11.
11
Let d = 12 - 11. What is the highest common divisor of d and 11?
1
Suppose c - 2*j - 3*j - 2 = 0, 2*j - 2 = 0. What is the greatest common factor of 77 and c?
7
Let b(n) = 15*n**2 + 2*n. Let s be b(-1). What is the greatest common divisor of s and 1?
1
Suppose -2*v + 5*o - 49 = 21, -3*v = 2*o + 143. Let q be (-2)/(-5) + (-2952)/v. What is the highest common factor of 33 and q?
33
Let y be 2/(-8)*2 - (-18)/4. Let d = 33 - 1. What is the greatest common factor of d and y?
4
Suppose f = -f + 22. What is the greatest common divisor of 55 and f?
11
Suppose 2*t - 12 + 2 = 0. Suppose -3*k + 5*s = 3*s + 1, 0 = -3*k + 4*s - t. Calculate the greatest common factor of k and 4.
1
Let t be -3 - (18*38)/3. Let d = t + 396. Let z = -17 + 32. Calculate the highest common divisor of d and z.
15
Suppose -47 = 2*j - 5*j + 4*u, -2*u - 15 = -j. Calculate the highest common divisor of j and 17.
17
Suppose -4*a + 10 - 2 = 0. Suppose -u = -2*h - 66, a*u + 5*h - 3*h - 114 = 0. What is the greatest common factor of u and 12?
12
Suppose -x + 14 + 25 = 0. What is the highest common divisor of x and 13?
13
Let 